t z(d) = -8*d - 102. Let k be z(-26). What is the highest common factor of k and 265?
53
Suppose -40 = -4*c + 4*f, -f + 21 = 3*c - 17. Suppose -10*x - 198 = -43*x. Calculate the highest common divisor of c and x.
6
Let d(i) = -i**2 + 4*i - 31. Let k be d(6). Let n = 71 + k. Calculate the highest common divisor of 7 and n.
7
Let p = 782 - 650. Calculate the greatest common factor of 44 and p.
44
Suppose -11*q + 453 = -1351. Let g = -98 + q. What is the greatest common divisor of g and 44?
22
Let w(m) = m**2 - 3*m + 2. Let k be w(3). Let z be 153*(1/(-1) + k). Calculate the greatest common factor of 17 and z.
17
Let x be 6 + 0 + 0/(-1). Calculate the greatest common divisor of 78 and x.
6
Let c = 75 + -71. Let a be (6*1)/(c - 330/85). Calculate the greatest common divisor of 17 and a.
17
Let u(h) = h**3 + 8*h**2 - 10*h - 33. Let q be u(-3). Calculate the highest common factor of 609 and q.
21
Let v(p) be the first derivative of -p**4/4 + 57*p - 1. Let h be v(0). Let d = -35 + h. What is the greatest common factor of d and 11?
11
Let q be 0 + (2/(-1) - -4). Suppose 3*d - 33 + 33 = 0. Suppose d = -5*m + 10, 3*c - 3*m + q - 41 = 0. Calculate the highest common factor of 6 and c.
3
Let c(p) = -p**2 - 22*p + 37. Let u(w) = 2*w**2 + 22*w - 36. Let f(q) = -3*c(q) - 2*u(q). Let b be f(16). What is the highest common divisor of b and 76?
19
Let a be ((-12)/18)/((-2)/6). Suppose 0 = 2*z + 2*u + 2, 0 = z + z - 5*u - 19. Suppose z = d - 14. What is the greatest common factor of d and a?
2
Let a(s) = -39*s + 2. Let r be a(-3). Let v be (-73 + 2)*(-1)/(-1). Let j = v + r. What is the highest common factor of 6 and j?
6
Let g = -17 - -34. Let o = g - 5. What is the highest common factor of 4 and o?
4
Suppose -o = -8*o + 1008. Suppose -2*p + o = -10*p. Let b be 39/p*-3*2. Calculate the greatest common divisor of 39 and b.
13
Suppose -2*p - 2*y = -3*y + 34, 0 = 2*y. Suppose -2*b = 5*o + 28 + 3, b + 26 = -4*o. Let g = o - p. Calculate the greatest common divisor of g and 10.
10
Let y be (27/(-4))/((-3)/(-24)). Let v = -21 - y. Suppose 30*k - 27*k = 66. Calculate the highest common divisor of v and k.
11
Let n = -1382 - -1422. What is the highest common divisor of n and 45?
5
Suppose -546*g + 378 = -525*g. Suppose -2*i + 39 = -3*f, 3*f + 73 - 25 = 5*i. Let u = f - -20. Calculate the highest common factor of u and g.
9
Let b = -969 + 1052. Calculate the highest common divisor of b and 166.
83
Suppose -2*v = -4*v + 2*n + 350, 515 = 3*v - 5*n. What is the greatest common divisor of v and 20?
20
Suppose -15*v - 13*v = -4760. What is the greatest common factor of 5 and v?
5
Suppose -4620 = -34*y - 29*y + 21*y. Suppose 5*q + 9 - 119 = 0. What is the greatest common factor of q and y?
22
Let n be (1 + 5)*(-2 - -8). Suppose -18 = 2*t + t. Let z(r) = -r**2 - 9*r + 6. Let s be z(t). Calculate the highest common divisor of n and s.
12
Suppose 126*s = 648 - 144. Let l be 1/((-1)/(-9)) + -1. Calculate the highest common factor of s and l.
4
Let l be 3*(26/3 - 2). Suppose -13*f = 18*f - 62. Calculate the greatest common factor of l and f.
2
Let n = -58 - -32. Let k be n*4/16*-12 + 3. Calculate the greatest common divisor of 9 and k.
9
Let l = 539 - 114. Calculate the highest common divisor of l and 17.
17
Let h = -14 - -11. Let m be 1/h - (-82)/3. What is the greatest common factor of m and 3?
3
Let h(j) = -j**2 - 7*j + 35. Let a be h(6). Let r = a + 183. What is the greatest common factor of r and 28?
28
Let w(u) = -u**3 - 14*u**2 - 13*u - 16. Let x be w(-13). Let m be 6/x + (-310)/(-16). Suppose 5 + m = 2*i. What is the highest common divisor of i and 3?
3
Let g = 8 + -8. Let z be 2 + (g - -4) + -2. Suppose 3*n = 3*c + 90, 9*n - z*n = -5*c + 120. What is the highest common factor of n and 9?
9
Suppose 16*n = 24*n - 24. Let z = -10 + 15. Let c be 2/n*(4 + z). What is the greatest common factor of 6 and c?
6
Let v = -17 + 0. Let g = 89 + v. Calculate the greatest common factor of 8 and g.
8
Let w = -1241 + 1316. What is the greatest common factor of 135 and w?
15
Let h = 4 + -3. Let f = -11 + 5. Let y = f - -7. What is the greatest common factor of y and h?
1
Suppose 6 + 14 = 4*p. Let d be p/10 + (-27)/(-6). Suppose 5*s - 20 = 5. What is the greatest common factor of d and s?
5
Let k = 39 + -20. Suppose -1 - 5 = -2*l. Suppose l*m - 16 = -5*o + k, 13 = m + 3*o. What is the highest common divisor of m and 110?
10
Let q(n) = n**2 - 3*n - 22. Let t be q(8). Calculate the greatest common factor of 162 and t.
18
Suppose -59*t = t - 2220. What is the greatest common divisor of t and 37?
37
Let u = 6 - 4. Suppose 0*d = -2*d + 28. Suppose -4 = -u*m + d. What is the highest common divisor of m and 72?
9
Let h(d) = 3*d**3 + 18*d**2 - 3*d - 3. Let p be h(4). Calculate the greatest common factor of p and 15.
15
Suppose 4*g - g = -3*d + 246, -166 = -2*d - 3*g. What is the highest common divisor of d and 32?
16
Let c = -122 + 123. Let q(x) = 18*x**2. Let v be q(c). Calculate the greatest common divisor of 180 and v.
18
Suppose 0*s = 2*s + 12. Let c(b) be the third derivative of -b**4/12 + 11*b**3/6 + 2*b**2 - 94. Let w be c(s). What is the highest common factor of 69 and w?
23
Let p(z) = -z**3 + 9*z**2 + 9*z + 9. Let a be p(10). Let v be ((-8)/6)/(a/(-12)). Let u = -11 - v. What is the greatest common factor of 5 and u?
5
Let s(w) = -w**2 + 2*w + 7. Let h be s(0). Calculate the greatest common factor of 35 and h.
7
Let i be (1 - 1) + (-2610)/6. Let g = -292 - i. Calculate the highest common factor of g and 11.
11
Let m(l) = 35*l. Let u be m(2). Let w be 1*(2 + -2 + (-6 - -34)). Calculate the greatest common divisor of u and w.
14
Let p be (-2 - -3 - 2)*(-78 - 2120). Calculate the highest common factor of p and 14.
14
Let f be (1/3)/((-9)/(12 + -309)). Calculate the greatest common factor of 1 and f.
1
Let h = -173 + 199. Calculate the greatest common factor of h and 8.
2
Suppose -u = 4*j - 1 - 21, j = -4*u + 13. Let w(x) = 11*x**2 + 2*x + 3*x - 2*x + 3*x**u. Let p be w(-2). What is the highest common divisor of 10 and p?
10
Suppose -5525 = -21*k + 4*k. Calculate the greatest common factor of 13 and k.
13
Let i be ((-2)/3)/(12/(-162)). Suppose 4*w - i = 111. Let g = -261 + 271. Calculate the greatest common factor of g and w.
10
Let p = 19 - -24. Calculate the highest common divisor of 215 and p.
43
Let g = 506 - 442. What is the highest common divisor of g and 4?
4
Let t(c) = -c**3 - 7*c**2 - 4*c - 5. Let x be t(-5). Suppose -7*q + 2*q = -35. Let o = q - x. What is the greatest common factor of o and 28?
14
Suppose -30*f + 81 = -21*f. Suppose k - 131 = n - 3*n, 5*n = 3*k + 300. Calculate the greatest common divisor of f and n.
9
Let h be (-9)/3 + 7 + 1. Suppose 0 = h*o - 6 - 39. Let k be -16 + 19 + 66/2. What is the highest common factor of o and k?
9
Let r = 14 - -4. Suppose -2*d = 4*m - 0*m - 108, -3*m - 4*d = -81. What is the greatest common divisor of m and r?
9
Let g(y) = 17*y - 38. Let h be g(7). Let b = h - 9. Calculate the highest common divisor of 6 and b.
6
Suppose -2*p - t + 12 = 0, 4*p = p - t + 17. Suppose -4*a - h = -58, -3*a = p*h + 1 - 53. Calculate the highest common divisor of 56 and a.
14
Let i(w) = 4*w**3 - 4*w**2 - 3*w - 2*w**3 - 5 - w**3. Let g be i(5). Let k(m) = 2*m**2 - 1. Let b be k(-1). Calculate the highest common divisor of g and b.
1
Suppose x - 10 = -5*l, -2 - 4 = -3*l. Suppose -4 = 2*f - x. Let j be -3*(f + 1) + -2. What is the highest common divisor of 3 and j?
1
Suppose 3 + 3 = g. Let f be -32*((-3)/g + 1). Let n = -3 - f. Calculate the greatest common factor of n and 39.
13
Let c = -889 - -898. What is the greatest common factor of c and 549?
9
Let d = 80 + -77. Suppose 8 = n + d. What is the highest common factor of 5 and n?
5
Suppose 5*z - 83 = 302. Suppose -9*s = 120 - 219. Calculate the highest common factor of z and s.
11
Let p(m) = -2*m**2 + 20*m - 15. Let w be p(9). Suppose s - r - 44 = 3*r, 0 = -4*s - w*r + 157. Calculate the highest common divisor of s and 5.
5
Suppose -2*l + 436 = 4*h, 4*l - 7*h = -10*h + 897. Calculate the greatest common divisor of l and 171.
57
Suppose -4*m = -242 - 302. Let s = -124 + m. What is the greatest common divisor of s and 16?
4
Let y = -192 - -352. Calculate the highest common factor of y and 16.
16
Let a = 230 +